{"id":3078,"date":"2020-06-24T08:42:40","date_gmt":"2020-06-24T08:42:40","guid":{"rendered":"http:\/\/wpdemo.archiwp.com\/theratio-sidenav\/?page_id=3078"},"modified":"2025-08-28T17:36:27","modified_gmt":"2025-08-28T14:36:27","slug":"hizmetler","status":"publish","type":"page","link":"https:\/\/www.kantes.com.tr\/?page_id=3078","title":{"rendered":"Hizmetler"},"content":{"rendered":"\t\t<div data-elementor-type=\"wp-page\" data-elementor-id=\"3078\" class=\"elementor elementor-3078\">\n\t\t\t\t\t\t<section class=\"elementor-section elementor-top-section elementor-element elementor-element-7b305f0 elementor-section-boxed elementor-section-height-default elementor-section-height-default\" data-id=\"7b305f0\" data-element_type=\"section\">\n\t\t\t\t\t\t<div class=\"elementor-container elementor-column-gap-default\">\n\t\t\t\t\t<div class=\"elementor-column elementor-col-100 elementor-top-column elementor-element elementor-element-d483363 ot-flex-column-vertical\" data-id=\"d483363\" data-element_type=\"column\">\n\t\t\t<div class=\"elementor-widget-wrap elementor-element-populated\">\n\t\t\t\t\t\t<div class=\"elementor-element elementor-element-d9a936b theratio-align-center elementor-widget elementor-widget-iheading\" data-id=\"d9a936b\" data-element_type=\"widget\" data-widget_type=\"iheading.default\">\n\t\t\t\t<div class=\"elementor-widget-container\">\n\t\t\t\t\t\t\t<div class=\"ot-heading is-dots\">\r\n\t        <span>[ hizmetler ]<\/span>\t        <h2 class=\"main-heading\">H\u0130ZMETLER\u0130M\u0130ZE G\u00d6Z ATAB\u0130L\u0130RS\u0130N\u0130Z<\/h2>\t    <\/div>\r\n\t    \t\t\t\t<\/div>\n\t\t\t\t<\/div>\n\t\t\t\t<section class=\"elementor-section elementor-inner-section elementor-element elementor-element-bee7e01 elementor-section-full_width elementor-section-height-default elementor-section-height-default\" data-id=\"bee7e01\" data-element_type=\"section\">\n\t\t\t\t\t\t<div class=\"elementor-container elementor-column-gap-extended\">\n\t\t\t\t\t<div class=\"elementor-column elementor-col-33 elementor-inner-column elementor-element elementor-element-7719595 ot-flex-column-vertical\" data-id=\"7719595\" data-element_type=\"column\">\n\t\t\t<div class=\"elementor-widget-wrap elementor-element-populated\">\n\t\t\t\t\t\t<div class=\"elementor-element elementor-element-43c642e elementor-widget elementor-widget-iiconbox1\" data-id=\"43c642e\" data-element_type=\"widget\" data-widget_type=\"iiconbox1.default\">\n\t\t\t\t<div class=\"elementor-widget-container\">\n\t\t\t\t\t\t\t<div class=\"icon-box icon-box--bg-img icon-box--icon-top icon-box--is-line-hover\">\r\n\t\t\t<div class=\"icon-main\">\r\n\t\t        \t\t\t    <img decoding=\"async\" width=\"74\" height=\"84\" src=\"https:\/\/www.kantes.com.tr\/wp-content\/uploads\/2025\/08\/Basliksiz-21.png\" class=\"attachment-full size-full wp-image-4133\" alt=\"\" \/>\t\t        \t        <\/div>\r\n\t        <div class=\"content-box\">\r\n\t\t        <h5 class=\"icon-box-title\"><a href=\"#\">Havaland\u0131rma<\/a><\/h5>\t\t        <p>Havaland\u0131rma Tesisat\u0131 Hakk\u0131nda Detayl\u0131 Bilgi \u0130\u00e7in T\u0131klay\u0131n\u0131z<\/p>\r\n\t\t\t<\/div>\r\n\t\t\t\t        \t<div class=\"link-box\">\r\n\t        \t\t<a href=\"#\" class=\"btn-details\">Havaland\u0131rma<\/a>\r\n\t        \t<\/div>\r\n\t        \t\r\n\t    <\/div>\r\n\t    \t\t\t\t<\/div>\n\t\t\t\t<\/div>\n\t\t<div class=\"elementor-element elementor-element-f2c5fc9 e-flex e-con-boxed e-con e-parent\" data-id=\"f2c5fc9\" data-element_type=\"container\">\n\t\t\t\t\t<div class=\"e-con-inner\">\n\t\t\t\t\t<\/div>\n\t\t\t\t<\/div>\n\t\t\t\t<div class=\"elementor-element elementor-element-440f2f7 elementor-widget elementor-widget-iiconbox1\" data-id=\"440f2f7\" data-element_type=\"widget\" data-widget_type=\"iiconbox1.default\">\n\t\t\t\t<div class=\"elementor-widget-container\">\n\t\t\t\t\t\t\t<div class=\"icon-box icon-box--bg-img icon-box--icon-top icon-box--is-line-hover\">\r\n\t\t\t<div class=\"icon-main\">\r\n\t\t        \t\t\t    <img decoding=\"async\" width=\"64\" height=\"70\" src=\"https:\/\/www.kantes.com.tr\/wp-content\/uploads\/2025\/08\/ghjgjhjh.png\" class=\"attachment-full size-full wp-image-4146\" alt=\"\" \/>\t\t        \t        <\/div>\r\n\t        <div class=\"content-box\">\r\n\t\t        <h5 class=\"icon-box-title\"><a href=\"#\">Is\u0131tma Tesisat\u0131<\/a><\/h5>\t\t        <p>Is\u0131tma Tesisat\u0131 Detayl\u0131 Bilgi \u0130\u00e7in T\u0131klay\u0131n\u0131z.<\/p>\r\n\t\t\t<\/div>\r\n\t\t\t\t        \t<div class=\"link-box\">\r\n\t        \t\t<a href=\"#\" class=\"btn-details\">Is\u0131tma Tesisat\u0131<\/a>\r\n\t        \t<\/div>\r\n\t        \t\r\n\t    <\/div>\r\n\t    \t\t\t\t<\/div>\n\t\t\t\t<\/div>\n\t\t\t\t\t<\/div>\n\t\t<\/div>\n\t\t\t\t<div class=\"elementor-column elementor-col-33 elementor-inner-column elementor-element elementor-element-952109d ot-flex-column-vertical\" data-id=\"952109d\" data-element_type=\"column\">\n\t\t\t<div class=\"elementor-widget-wrap elementor-element-populated\">\n\t\t\t\t\t\t<div class=\"elementor-element elementor-element-393f5ad elementor-widget elementor-widget-iiconbox1\" data-id=\"393f5ad\" data-element_type=\"widget\" data-widget_type=\"iiconbox1.default\">\n\t\t\t\t<div class=\"elementor-widget-container\">\n\t\t\t\t\t\t\t<div class=\"icon-box icon-box--bg-img icon-box--icon-top icon-box--is-line-hover\">\r\n\t\t\t<div class=\"icon-main\">\r\n\t\t        \t\t\t    <img decoding=\"async\" width=\"74\" height=\"84\" src=\"https:\/\/www.kantes.com.tr\/wp-content\/uploads\/2025\/08\/Basliksiz-2312.png\" class=\"attachment-full size-full wp-image-4136\" alt=\"\" \/>\t\t        \t        <\/div>\r\n\t        <div class=\"content-box\">\r\n\t\t        <h5 class=\"icon-box-title\"><a href=\"#\">S\u0131hhi Tesisat<\/a><\/h5>\t\t        <p>S\u0131hhi Tesisat Hakk\u0131nda Detayl\u0131 Bilgi \u0130\u00e7in T\u0131klay\u0131n\u0131z<\/p>\r\n\t\t\t<\/div>\r\n\t\t\t\t        \t<div class=\"link-box\">\r\n\t        \t\t<a href=\"#\" class=\"btn-details\">S\u0131hhi Tesisat<\/a>\r\n\t        \t<\/div>\r\n\t        \t\r\n\t    <\/div>\r\n\t    \t\t\t\t<\/div>\n\t\t\t\t<\/div>\n\t\t<div class=\"elementor-element elementor-element-401a078 e-flex e-con-boxed e-con e-parent\" data-id=\"401a078\" data-element_type=\"container\">\n\t\t\t\t\t<div class=\"e-con-inner\">\n\t\t\t\t\t<\/div>\n\t\t\t\t<\/div>\n\t\t\t\t<div class=\"elementor-element elementor-element-21b2d00 elementor-widget elementor-widget-iiconbox1\" data-id=\"21b2d00\" data-element_type=\"widget\" data-widget_type=\"iiconbox1.default\">\n\t\t\t\t<div class=\"elementor-widget-container\">\n\t\t\t\t\t\t\t<div class=\"icon-box icon-box--bg-img icon-box--icon-top icon-box--is-line-hover\">\r\n\t\t\t<div class=\"icon-main\">\r\n\t\t        \t\t\t    <img loading=\"lazy\" decoding=\"async\" width=\"64\" height=\"70\" src=\"https:\/\/www.kantes.com.tr\/wp-content\/uploads\/2025\/08\/klkkfghfh.png\" class=\"attachment-full size-full wp-image-4145\" alt=\"\" \/>\t\t        \t        <\/div>\r\n\t        <div class=\"content-box\">\r\n\t\t        <h5 class=\"icon-box-title\"><a href=\"#\">Yang\u0131n Tesisat\u0131<\/a><\/h5>\t\t        <p>Yang\u0131n Tesisat\u0131 Detayl\u0131 Bilgi \u0130\u00e7in T\u0131klay\u0131n\u0131z.<\/p>\r\n\t\t\t<\/div>\r\n\t\t\t\t        \t<div class=\"link-box\">\r\n\t        \t\t<a href=\"#\" class=\"btn-details\">Yang\u0131n Tesisat\u0131<\/a>\r\n\t        \t<\/div>\r\n\t        \t\r\n\t    <\/div>\r\n\t    \t\t\t\t<\/div>\n\t\t\t\t<\/div>\n\t\t\t\t\t<\/div>\n\t\t<\/div>\n\t\t\t\t<div class=\"elementor-column elementor-col-33 elementor-inner-column elementor-element elementor-element-855ae0c ot-flex-column-vertical\" data-id=\"855ae0c\" data-element_type=\"column\">\n\t\t\t<div class=\"elementor-widget-wrap elementor-element-populated\">\n\t\t\t\t\t\t<div class=\"elementor-element elementor-element-22168d1 elementor-widget elementor-widget-iiconbox1\" data-id=\"22168d1\" data-element_type=\"widget\" data-widget_type=\"iiconbox1.default\">\n\t\t\t\t<div class=\"elementor-widget-container\">\n\t\t\t\t\t\t\t<div class=\"icon-box icon-box--bg-img icon-box--icon-top icon-box--is-line-hover\">\r\n\t\t\t<div class=\"icon-main\">\r\n\t\t        \t\t\t    <img loading=\"lazy\" decoding=\"async\" width=\"110\" height=\"90\" src=\"https:\/\/www.kantes.com.tr\/wp-content\/uploads\/2025\/08\/Basliksiz-223.png\" class=\"attachment-full size-full wp-image-4143\" alt=\"\" \/>\t\t        \t        <\/div>\r\n\t        <div class=\"content-box\">\r\n\t\t        <h5 class=\"icon-box-title\"><a href=\"#\">Klima Sistemleri<\/a><\/h5>\t\t        <p>Klima Sistemi ve Tesisat\u0131 \u0130\u00e7in Detayl\u0131 Bilgi \u0130\u00e7in T\u0131klay\u0131n\u0131z.<\/p>\r\n\t\t\t<\/div>\r\n\t\t\t\t        \t<div class=\"link-box\">\r\n\t        \t\t<a href=\"#\" class=\"btn-details\">Klima<\/a>\r\n\t        \t<\/div>\r\n\t        \t\r\n\t    <\/div>\r\n\t    \t\t\t\t<\/div>\n\t\t\t\t<\/div>\n\t\t<div class=\"elementor-element elementor-element-ef9e277 e-flex e-con-boxed e-con e-parent\" data-id=\"ef9e277\" data-element_type=\"container\">\n\t\t\t\t\t<div class=\"e-con-inner\">\n\t\t\t\t\t<\/div>\n\t\t\t\t<\/div>\n\t\t\t\t<div class=\"elementor-element elementor-element-0a3b4ce elementor-widget elementor-widget-iiconbox1\" data-id=\"0a3b4ce\" data-element_type=\"widget\" data-widget_type=\"iiconbox1.default\">\n\t\t\t\t<div class=\"elementor-widget-container\">\n\t\t\t\t\t\t\t<div class=\"icon-box icon-box--bg-img icon-box--icon-top icon-box--is-line-hover\">\r\n\t\t\t<div class=\"icon-main\">\r\n\t\t        \t\t\t    <img loading=\"lazy\" decoding=\"async\" width=\"64\" height=\"70\" src=\"https:\/\/www.kantes.com.tr\/wp-content\/uploads\/2025\/08\/ghjgjhjhf.png\" class=\"attachment-full size-full wp-image-4148\" alt=\"\" \/>\t\t        \t        <\/div>\r\n\t        <div class=\"content-box\">\r\n\t\t        <h5 class=\"icon-box-title\"><a href=\"#\">Otomasyon<\/a><\/h5>\t\t        <p>Otomasyon \u0130\u015fleriyle \u0130lgili Detayl\u0131 Bilgi \u0130\u00e7in T\u0131klay\u0131n\u0131z<\/p>\r\n\t\t\t<\/div>\r\n\t\t\t\t        \t<div class=\"link-box\">\r\n\t        \t\t<a href=\"#\" class=\"btn-details\">Otomasyon<\/a>\r\n\t        \t<\/div>\r\n\t        \t\r\n\t    <\/div>\r\n\t    \t\t\t\t<\/div>\n\t\t\t\t<\/div>\n\t\t\t\t\t<\/div>\n\t\t<\/div>\n\t\t\t\t\t<\/div>\n\t\t<\/section>\n\t\t\t\t\t<\/div>\n\t\t<\/div>\n\t\t\t\t\t<\/div>\n\t\t<\/section>\n\t\t\t\t<\/div>\n\t\t","protected":false},"excerpt":{"rendered":"<p>[ hizmetler ] H\u0130ZMETLER\u0130M\u0130ZE G\u00d6Z ATAB\u0130L\u0130RS\u0130N\u0130Z Havaland\u0131rma Havaland\u0131rma Tesisat\u0131 Hakk\u0131nda Detayl\u0131 Bilgi \u0130\u00e7in T\u0131klay\u0131n\u0131z Havaland\u0131rma Is\u0131tma Tesisat\u0131 Is\u0131tma Tesisat\u0131 Detayl\u0131 Bilgi \u0130\u00e7in T\u0131klay\u0131n\u0131z. Is\u0131tma Tesisat\u0131 S\u0131hhi Tesisat S\u0131hhi Tesisat Hakk\u0131nda Detayl\u0131 Bilgi \u0130\u00e7in T\u0131klay\u0131n\u0131z S\u0131hhi Tesisat Yang\u0131n Tesisat\u0131 Yang\u0131n Tesisat\u0131 Detayl\u0131 Bilgi \u0130\u00e7in T\u0131klay\u0131n\u0131z. Yang\u0131n Tesisat\u0131 Klima Sistemleri Klima Sistemi ve Tesisat\u0131 \u0130\u00e7in Detayl\u0131 Bilgi [&hellip;]<\/p>\n","protected":false},"author":1,"featured_media":0,"parent":0,"menu_order":0,"comment_status":"closed","ping_status":"closed","template":"","meta":{"footnotes":""},"class_list":["post-3078","page","type-page","status-publish","hentry"],"_links":{"self":[{"href":"https:\/\/www.kantes.com.tr\/index.php?rest_route=\/wp\/v2\/pages\/3078","targetHints":{"allow":["GET"]}}],"collection":[{"href":"https:\/\/www.kantes.com.tr\/index.php?rest_route=\/wp\/v2\/pages"}],"about":[{"href":"https:\/\/www.kantes.com.tr\/index.php?rest_route=\/wp\/v2\/types\/page"}],"author":[{"embeddable":true,"href":"https:\/\/www.kantes.com.tr\/index.php?rest_route=\/wp\/v2\/users\/1"}],"replies":[{"embeddable":true,"href":"https:\/\/www.kantes.com.tr\/index.php?rest_route=%2Fwp%2Fv2%2Fcomments&post=3078"}],"version-history":[{"count":8,"href":"https:\/\/www.kantes.com.tr\/index.php?rest_route=\/wp\/v2\/pages\/3078\/revisions"}],"predecessor-version":[{"id":4308,"href":"https:\/\/www.kantes.com.tr\/index.php?rest_route=\/wp\/v2\/pages\/3078\/revisions\/4308"}],"wp:attachment":[{"href":"https:\/\/www.kantes.com.tr\/index.php?rest_route=%2Fwp%2Fv2%2Fmedia&parent=3078"}],"curies":[{"name":"wp","href":"https:\/\/api.w.org\/{rel}","templated":true}]}}